f 2267628 and 4190?
838
Calculate the greatest common factor of 358 and 56721341.
179
Calculate the highest common factor of 21 and 59487.
3
Calculate the highest common factor of 15883364 and 1736.
28
What is the greatest common divisor of 2397 and 41365029?
2397
What is the greatest common factor of 28477391 and 58?
29
Calculate the highest common divisor of 1 and 195232.
1
What is the greatest common factor of 150 and 18761850?
150
Calculate the greatest common factor of 5036245 and 365.
5
What is the greatest common factor of 6675 and 275815450?
2225
Calculate the greatest common divisor of 58 and 144321197.
29
Calculate the greatest common factor of 30176 and 81358268.
3772
What is the highest common factor of 6561291 and 3201?
33
Calculate the highest common factor of 1524365 and 10355.
545
What is the greatest common factor of 462 and 260458?
22
Calculate the highest common divisor of 1744 and 32483308.
436
Calculate the highest common divisor of 283945 and 79025.
545
What is the greatest common factor of 1015 and 256805?
5
What is the greatest common divisor of 536586 and 30?
6
What is the greatest common factor of 369754 and 32494?
154
Calculate the highest common factor of 19415 and 825.
55
Calculate the highest common factor of 264 and 312578684.
44
What is the highest common factor of 657 and 2849472?
9
What is the greatest common divisor of 1122454 and 4606?
94
Calculate the greatest common divisor of 473386 and 902.
82
What is the greatest common divisor of 4933 and 7482?
1
What is the greatest common factor of 219 and 8608598?
73
Calculate the greatest common divisor of 2380 and 9567005.
595
Calculate the highest common divisor of 204263 and 1819.
107
What is the greatest common factor of 2152 and 1785353?
269
Calculate the greatest common factor of 10152747 and 3267.
1089
Calculate the greatest common divisor of 26369395 and 130.
65
Calculate the highest common factor of 1161 and 38565.
9
What is the highest common divisor of 196100 and 14?
2
Calculate the highest common divisor of 34877 and 36.
1
Calculate the highest common divisor of 1428163 and 6655.
1331
Calculate the highest common divisor of 790 and 617385.
395
Calculate the highest common factor of 281615 and 276020.
1865
What is the highest common divisor of 13290 and 165?
15
What is the highest common factor of 152 and 74222018?
38
What is the greatest common factor of 1968165 and 2565?
135
Calculate the highest common divisor of 3150206 and 1809.
67
What is the highest common factor of 621 and 81079692?
69
What is the highest common divisor of 5372653 and 23881?
143
Calculate the highest common factor of 2134288 and 11180.
52
What is the highest common divisor of 2671 and 405460471?
2671
What is the greatest common divisor of 1109 and 1132157029?
1109
What is the greatest common divisor of 85929837 and 2793?
399
What is the greatest common factor of 861562 and 1352?
338
What is the highest common factor of 1018500 and 1746?
582
What is the greatest common divisor of 1054030522 and 69?
23
What is the highest common divisor of 36596 and 4795?
7
What is the greatest common divisor of 64253 and 770077?
959
Calculate the highest common factor of 80642982 and 1722.
1722
What is the highest common factor of 3690 and 1716705?
45
Calculate the highest common factor of 2729216 and 5472.
32
What is the highest common factor of 90193 and 23412204?
4747
What is the highest common divisor of 7750903 and 57869?
1181
What is the highest common factor of 6139302 and 27001?
403
Calculate the greatest common divisor of 4160598264 and 513.
513
Calculate the highest common divisor of 928 and 9308971.
29
What is the greatest common divisor of 930 and 17473460?
310
What is the greatest common divisor of 24089 and 160004?
221
What is the highest common divisor of 1096 and 7932163?
137
What is the highest common divisor of 12529 and 13106071?
737
What is the greatest common divisor of 778869 and 19071?
117
Calculate the greatest common factor of 49239042 and 59856.
7482
What is the greatest common factor of 891989 and 1472639?
553
What is the highest common divisor of 26718 and 1056?
6
Calculate the greatest common divisor of 4 and 889174.
2
What is the highest common divisor of 998805 and 9?
3
Calculate the greatest common divisor of 914434808 and 2296.
2296
Calculate the highest common divisor of 742 and 7284326.
14
What is the highest common factor of 2336532 and 2542092?
6852
What is the greatest common factor of 12288733 and 1793?
163
Calculate the highest common factor of 4158380 and 44785.
265
Calculate the highest common divisor of 404616 and 9388264.
5864
Calculate the greatest common factor of 278451531 and 67.
67
Calculate the greatest common factor of 823512 and 272.
8
Calculate the highest common factor of 618345225 and 3.
3
What is the greatest common factor of 400 and 7662320?
80
What is the highest common factor of 30330 and 334245?
15
What is the greatest common factor of 77262 and 2096502?
474
Calculate the greatest common factor of 11734833 and 29667.
1023
What is the greatest common factor of 2311512 and 14952?
168
Calculate the greatest common divisor of 24156 and 42966.
198
Calculate the highest common divisor of 22190 and 2574530.
70
Calculate the greatest common divisor of 231792 and 984.
24
Calculate the greatest common divisor of 198797 and 39881.
19
Calculate the highest common factor of 670158 and 809474.
2402
What is the highest common divisor of 467526 and 29140128?
6978
Calculate the highest common factor of 13309285 and 23485.
3355
What is the highest common factor of 1746 and 235263024?
1746
Calculate the highest common divisor of 174 and 1131638.
58
Calculate the highest common factor of 67243838 and 854.
122
Calculate the highest common divisor of 141454749 and 963.
321
What is the greatest common divisor of 1002 and 474481068?
1002
Calculate the greatest common factor of 9212 and 187768.
196
Calculate the highest common factor of 462 and 19022542.
154
What is the greatest common divisor of 24854357 and 561?
187
What is the highest common divisor of 90 and 520610?
10
Calculate the highest common factor of 8357810 and 14032.
1754
What is the highest common divisor of 15100 and 5892775?
3775
What is the greatest common factor of 2415 and 53325615?
2415
What is the highest common factor of 34829 and 190733?
29
Calculate the greatest common factor of 301371 and 6223.
889
Calculate the highest common factor of 8 and 1994871.
1
Calculate the highest common factor of 25223603 and 37.
37
What is the greatest common factor of 2108 and 5697676?
124
What is the highest common factor of 135 and 4214439?
9
What is the greatest common factor of 10584 and 130736214?
2646
What is the greatest common divisor of 46 and 196556597?
23
What is the greatest common divisor of 673221 and 171681?
1929
What is the highest common divisor of 21509 and 1519741?
137
What is the greatest common divisor of 2907 and 5515548?
969
Calculate the highest common divisor of 734488 and 1128.
8
Calculate the highest common divisor of 42887 and 180498187.
3299
Calculate the highest common factor of 6 and 356945.
1
Calculate the greatest common divisor of 490 and 4414910.
10
Calculate the highest common divisor of 41112 and 161017432.
4568
What is the highest common factor of 27738 and 3643476?
138
What is the highest common factor of 6314565 and 10965?
255
Calculate the highest common divisor of 176 and 1828400.
16
Calculate the highest common factor of 600016 and 256.
16
Calculate the highest common divisor of 24538336 and 4248.
472
Calculate the greatest common divisor of 9063 and 10176.
159
What is the greatest common factor of 2042638 and 7530?
502
What is the highest common factor of 1456 and 12441338?
182
What is the greatest common factor of 125 and 806625?
125
What is the highest common divisor of 9504576 and 2232?
72
Calculate the highest common divisor of 75 and 4118070.
15
What is the greatest common divisor of 216 and 5722740?
36
Calculate the highest common divisor of 117003642 and 294.
42
What is the highest common divisor of 2482 and 12903442?
34
What is the highest common divisor of 9 and 37325853?
9
Calculate the greatest common factor of 1517 and 728413339.
1517
What is the h